
Convert 111110010100100011111 (base 2) to base 15.
2a512d
Convert -b62808 (base 12) to base 10.
-2866184
What is 1205181 (base 9) in base 3?
1020012012201
-338378 (base 10) to base 12
-1439a2
Convert -342795 (base 11) to base 6.
-15404402
Convert 776808 (base 9) to base 5.
104324200
Convert 1071006 (base 9) to base 6.
20220223
What is 46bbb (base 14) in base 2?
101010000110100001
Convert 30113140 (base 5) to base 6.
5040213
What is 1111101000011111000110 (base 2) in base 6?
223500102
Convert b7a80 (base 15) to base 3.
1002121112210
What is 5223110 (base 6) in base 7?
2100012
What is -101000111100001010110 (base 2) in base 3?
-2112011020011
Convert 11b0b8 (base 14) to base 2.
10010100000101111010
Convert -b2d5 (base 16) to base 13.
-17ab8
What is 3507381 (base 10) in base 2?
1101011000010010110101
What is -2b8c34 (base 13) in base 11?
-67579a
Convert -100101101111100001 (base 2) to base 8.
-455741
-1020111201110 (base 3) to base 8
-2410125
What is -519664 (base 10) in base 4?
-1332313300
What is 1236138 (base 9) in base 14?
137744
Convert 1513033 (base 6) to base 11.
5a817
-2624522 (base 9) to base 14
-29466b
Convert 623355 (base 10) to base 8.
2301373
What is -10547243 (base 8) in base 12?
-920117
2560066 (base 8) to base 12
2a4586
Convert 95bb92 (base 13) to base 3.
20121100121202
Convert -ad29f (base 16) to base 9.
-1300847
Convert 3951984 (base 10) to base 8.
17046560
What is 1111011000001010011100 (base 2) in base 12?
14249b8
248482 (base 10) to base 5
30422412
What is 252841 (base 9) in base 5?
14344141
What is -305de (base 16) in base 12?
-96792
-11344233 (base 5) to base 11
-7286a
11102020012011 (base 3) to base 7
25642645
Convert 209e1 (base 16) to base 4.
200213201
Convert -1506523 (base 7) to base 2.
-110001110011100100
Convert bba43 (base 16) to base 4.
2323221003
3202301331 (base 5) to base 2
11001011111001101111010
What is -638036 (base 14) in base 3?
-20022220210201
What is 13524162 (base 8) in base 4?
23222201302
What is -100001011001001100110111 (base 2) in base 4?
-201121030313
What is -326424 (base 10) in base 9?
-546683
What is -cf78cd (base 16) in base 12?
-4678691
What is -15228 (base 9) in base 10?
-10394
Convert 9b13 (base 13) to base 7.
120054
-166d79 (base 14) to base 13
-217553
-675336 (base 8) to base 15
-47892
133231212 (base 4) to base 11
89656
1043622 (base 8) to base 6
10002242
What is -10000110011101001 (base 2) in base 10?
-68841
23910 (base 12) to base 5
3013324
Convert 11000101110001111100 (base 2) to base 7.
6612555
Convert -333455503 (base 6) to base 4.
-113012313333
Convert 581865 (base 11) to base 9.
1658463
-2300111 (base 6) to base 10
-116683
What is -218db5 (base 14) in base 16?
-116023
What is 26076 (base 11) in base 8?
110747
What is -12385281 (base 10) in base 6?
-1121243133
Convert 10122101 (base 6) to base 11.
18950a
Convert 14b918 (base 12) to base 5.
42231400
-11301211 (base 5) to base 8
-311612
2111101211210 (base 3) to base 12
53b8b6
675333 (base 8) to base 10
228059
202211111110200 (base 3) to base 8
52170261
Convert 36053676 (base 9) to base 5.
13444314400
What is -1052e8 (base 16) in base 13?
-2b5c24
Convert 324220121 (base 6) to base 9.
11824854
What is -42467 (base 14) in base 7?
-1234360
What is 1050276 (base 8) in base 10?
282814
11000100000001010 (base 2) to base 12
4a0b6
24210022 (base 5) to base 2
110111000101100101
Convert -2c8ca (base 15) to base 3.
-21022011201
-2231022231 (base 4) to base 13
-1bab00
What is -120002333 (base 4) in base 16?
-180bf
What is 22213103012 (base 4) in base 3?
12020100202002
-b34583 (base 12) to base 11
-1648011
-3664573 (base 9) to base 7
-22632513
Convert -2111100020221 (base 3) to base 16.
-1439c5
100000201122 (base 3) to base 4
223120031
-8231 (base 11) to base 16
-2aac
What is -11000321321 (base 4) in base 2?
-101000000111001111001
What is -8a06a5 (base 11) in base 14?
-2952b1
5e430 (base 15) to base 9
508300
Convert -1132013012 (base 4) to base 2.
-1011110000111000110
Convert -266125 (base 7) to base 16.
-c3e2
What is 3121000122 (base 4) in base 2?
11011001000000011010
3232034 (base 6) to base 9
263254
What is 13f2ba (base 16) in base 5?
313313242
Convert -110245203 (base 6) to base 10.
-1981443
2144340 (base 11) to base 13
a1c382
880400 (base 9) to base 14
d9588
Convert -537557a (base 11) to base 5.
-4404411132
Convert -46454601 (base 7) to base 11.
-23380aa
659932 (base 11) to base 3
1222110220201
-11403113 (base 5) to base 16
-1a0a2
Convert -83434 (base 9) to base 11.
-38388
Convert 24354506 (base 8) to base 11.
3034099
43bb04 (base 13) to base 14
2d7d53
Convert 233111 (base 6) to base 16.
4ea3
-834a7 (base 11) to base 9
-204866
What is -41065 (base 7) in base 11?
-7566
What is -343004 (base 7) in base 2?
-1110111010000010
Convert -10227 (base 14) to base 13.
-148ac
What is -131505 (base 9) in base 16?
-137ff
What is -1111111011100110001 (base 2) in base 3?
-222112002120
What is -341281 (base 9) in base 5?
-23014410
Convert 10333103203 (base 4) to base 3.
2110110001211
Convert 2010031133 (base 4) to base 15.
aa6c5
-ea6ca (base 15) to base 9
-1353561
-9ca1d (base 16) to base 7
-5311311
What is -7253b (base 12) in base 9?
-246812
Convert -22501010 (base 6) to base 5.
-134123121
-110021122000 (base 3) to base 2
-111011000001011110
Convert 221321420 (base 5) to base 16.
eb591
522221342 (base 6) to base 4
202212102332
-5007306 (base 8) to base 10
-1314502
What is 65a630 (base 11) in base 13?
2ab728
29982b (base 13) to base 16
f937d
-1321300 (base 9) to base 8
-2603372
Convert 21aa2 (base 12) to base 14.
12454
Convert 1869030 (base 10) to base 14.
3691c2
-404530 (base 8) to base 15
-29829
Convert -12612a (base 11) to base 15.
-3dc17
Convert -687073 (base 10) to base 13.
-1b096a
1111100100000100111110 (base 2) to base 3
21200021121200
Convert -436477 (base 9) to base 6.
-5330411
-3339b6 (base 15) to base 13
-67687b
What is 11665136 (base 7) in base 3?
1222202121202
What is 220213220 (base 4) in base 12?
80348
What is 273203 (base 8) in base 13?
34840
-123861 (base 10) to base 5
-12430421
What is -3874e (base 16) in base 5?
-24344441
1120300102 (base 4) to base 6
11443014
What is -3227f8 (base 16) in base 10?
-3287032
What is -148580 (base 11) in base 16?
-3862c
What is -114132400 (base 5) in base 3?
-1000021002002
What is 16165200 (base 10) in base 16?
f6a950
What is 668b (base 12) in base 6?
124255
Convert 554152010 (base 6) to base 13.
20c131b
-222112111220220 (base 3) to base 10
-14103177
What is 180270 (base 11) in base 4?
1003333202
What is 1011011011010011001 (base 2) in base 13?
10156c
Convert 5c01a (base 15) to base 8.
1075422
-c7149 (base 14) to base 6
-14144205
Convert 554150 (base 8) to base 9.
313711
What is -45581 (base 13) in base 16?
-1ece3
248485 (base 9) to base 3
21122112212
What is -64450203 (base 7) in base 13?
-11a3531
-23232310010 (base 4) to base 6
-145525352
What is -5340355 (base 7) in base 14?
-12c465
-1342183 (base 9) to base 16
-b3cbe
-405266 (base 13) to base 8
-5553003
Convert 336183 (base 9) to base 14.
5354c
Convert -13531013 (base 7) to base 5.
-311034311
Convert -73b7ba (base 13) to base 5.
-1143211422
Convert -101111000000110111110010 (base 2) to base 3.
-212012010210222
Convert 110102202011 (base 3) to base 12.
b9787
-463326 (base 7) to base 8
-241616
What is 167482 (base 13) in base 2?
10001000011011100100
What is -104422014 (base 5) in base 2?
-1110010000010111110
Convert 332320 (base 4) to base 12.
23b4
What is 3276c2 (base 13) in base 3?
2020100000102
What is 313020003 (base 5) in base 15?
1a996d
Convert -23cb67 (base 15) to base 2.
-110100010011000100001
-25453434 (base 6) to base 9
-1506604
-2001214420 (base 5) to base 11
-2244206
Convert 52644051 (base 7) to base 4.
101002003203
What is 2617051 (base 10) in base 5?
1132221201
60641056 (base 7) to base 13
107b702
What is -2714 (base 14) in base 6?
-51502
Convert 110110000111 (base 2) to base 13.
1765
What is 7f6fc (base 16) in base 2?
1111111011011111100
Convert 238545 (base 14) to base 16.
1285c1
30002330121 (base 4) to base 14
5c2b21
Convert 101276 (base 9) to base 3.
10001022120
What is 74461 (base 11) in base 12?
52862
Convert 464177 (base 9) to base 5.
32404004
What is 557b2 (base 16) in base 3?
122210021210
What is 1102010000121 (base 3) in base 11?
